 -440413 + 1444001?
1003033
In base 12, what is -13449 + 357a?
-ba8b
In base 10, what is -55036 + 501?
-54535
In base 8, what is 5746 - 2461?
3265
In base 8, what is 1144 + -1552?
-406
In base 6, what is -1001205 + -223?
-1001432
In base 5, what is 2424021 - -3?
2424024
In base 7, what is -2246410322 - 5?
-2246410330
In base 16, what is 1cdb4 - -d7d?
1db31
In base 16, what is -137e3 + -1c57?
-1543a
In base 3, what is 201012200202000 - 0?
201012200202000
In base 7, what is 232 + 533254?
533516
In base 9, what is 11 + 13208352?
13208363
In base 4, what is 320032320010 - 2?
320032320002
In base 9, what is -10413 + -1100?
-11513
In base 14, what is d - 1bd90a?
-1bd8db
In base 10, what is -1173 + -10671?
-11844
In base 3, what is -211100 + 20020021102?
20012110002
In base 5, what is -142333402313 - -13?
-142333402300
In base 2, what is -1001101011 - -10111011101101100?
10111010100000001
In base 10, what is -83123 + 89?
-83034
In base 10, what is 5605258 - -3?
5605261
In base 15, what is -7009667 - -1?
-7009666
In base 13, what is 6224 + -80a?
5717
In base 7, what is -5205104 - 151?
-5205255
In base 7, what is 165256 - 463?
164463
In base 5, what is -10403213144 - 44?
-10403213243
In base 4, what is 102300 + -323013?
-220113
In base 6, what is 1 + 530404212?
530404213
In base 5, what is 1244403 - -1242?
1301200
In base 3, what is 20 + 12020020200110110?
12020020200110200
In base 5, what is -11113124133 + 12?
-11113124121
In base 4, what is 1110 - 3221123?
-3220013
In base 8, what is 2132 - -77405?
101537
In base 15, what is -793b5 + 0?
-793b5
In base 8, what is 643430 + -3720?
637510
In base 12, what is 9a - -28aa9?
28b87
In base 5, what is -2344443 + -4?
-2400002
In base 11, what is -19 - -21862?
21844
In base 11, what is -1838866 - 14?
-183887a
In base 6, what is 4304511 - -1354?
4310305
In base 10, what is 166751 + -370?
166381
In base 9, what is 28800060 - -3?
28800063
In base 10, what is -7 - -282634?
282627
In base 12, what is -2 - -7875740?
787573a
In base 5, what is -4 - -223144142313?
223144142304
In base 9, what is 1 - 346417?
-346416
In base 10, what is 30974 + -424?
30550
In base 13, what is -170c + -5b97?
-75a6
In base 8, what is 10336 - 10524?
-166
In base 4, what is -1023321323 - -103320?
-1023212003
In base 16, what is b2cf1 - -7?
b2cf8
In base 3, what is 1120220 - 1022112?
21101
In base 2, what is 100 + 1001001011001110011010?
1001001011001110011110
In base 10, what is 5 + -4686920?
-4686915
In base 7, what is -110 + -14150230?
-14150340
In base 11, what is -744a6 + -3636?
-78031
In base 3, what is 11021 + -2110121002?
-2110102211
In base 16, what is 396 - -2790a?
27ca0
In base 6, what is 310 - 3401251?
-3400541
In base 9, what is 458077 - -672?
458760
In base 9, what is -124 + -18683?
-18817
In base 8, what is 0 + 242076411?
242076411
In base 3, what is 21 - 20001202202001?
-20001202201210
In base 12, what is 2b87127 + 19?
2b87144
In base 5, what is -302020 + -100231?
-402301
In base 12, what is -2a7b604 - -6?
-2a7b5ba
In base 6, what is 141051454540 - 4?
141051454532
In base 13, what is -1 - 54c6996?
-54c6997
In base 4, what is -110103 - 2213?
-112322
In base 16, what is -4 - -2501527?
2501523
In base 12, what is 701 - -b239?
b93a
In base 8, what is 2 + 65137430?
65137432
In base 11, what is -6 + -387382a?
-3873835
In base 15, what is -13 + 6223c6?
6223b3
In base 10, what is 6096 - -28195?
34291
In base 13, what is 24 - -227b0?
22804
In base 4, what is -2330013201220 - -11?
-2330013201203
In base 7, what is -11 + 630064033?
630064022
In base 13, what is -1193 + 1b3b?
978
In base 16, what is -29b80a46 - 0?
-29b80a46
In base 11, what is -3 - 9498584?
-9498587
In base 16, what is -67da3 + -1c?
-67dbf
In base 16, what is a2aae - -d?
a2abb
In base 6, what is 3451 - 23305133?
-23301242
In base 8, what is 20346117 - 10?
20346107
In base 16, what is -23a38 - -75?
-239c3
In base 3, what is 211201 + 20211220?
21200121
In base 7, what is 2 + 61165616?
61165621
In base 8, what is -1037147101 - 2?
-1037147103
In base 11, what is 3307 - -272a?
5a36
In base 10, what is -3 - -3976081?
3976078
In base 2, what is 11001110011010 - 101101011?
11001000101111
In base 6, what is 1502524101 + -4?
1502524053
In base 8, what is 13511 - -33730?
47441
In base 10, what is 7557030 - 18?
7557012
In base 16, what is 3 - -45156e?
451571
In base 11, what is -20 + 264947a?
264945a
In base 7, what is 123423300 + 3?
123423303
In base 2, what is 10010 + -10000011011011101111111100?
-10000011011011101111101010
In base 11, what is 4185 + -108?
4078
In base 14, what is 6140d + bb?
614ca
In base 9, what is -76507 + -42?
-76550
In base 8, what is -136 - 211502?
-211640
In base 12, what is 1233 - -1b277?
204aa
In base 8, what is 112 + -4722?
-4610
In base 2, what is -11001101110111010110100 - -1001001?
-11001101110111001101011
In base 8, what is -57 - -327263?
327204
In base 4, what is 220302033010 + -12?
220302032332
In base 9, what is 380 + 3632168?
3632558
In base 5, what is 2001 - 30101?
-23100
In base 10, what is -176 + -152869?
-153045
In base 7, what is -1663223 + 1344?
-1661546
In base 7, what is 2515 + -56034?
-53216
In base 7, what is -2320 - -15514?
13164
In base 9, what is -6 - 1186422?
-1186428
In base 16, what is -27b59 - f?
-27b68
In base 8, what is 3 - 35056632?
-35056627
In base 4, what is -1122 + -232121121?
-232122303
In base 5, what is -3 - 113233101043?
-113233101101
In base 2, what is -11001011011100001000 - 111100100?
-11001011100011101100
In base 10, what is 43568 + -193?
43375
In base 4, what is -30320 - -10231213?
10200233
In base 7, what is -11 - -14223506?
14223465
In base 8, what is -1 + 230153313?
230153312
In base 12, what is -4 + 5a11a6?
5a11a2
In base 7, what is 51 + -3601340?
-3601256
In base 12, what is -12b - -19870b?
1985a0
In base 8, what is -1 - -130773610?
130773607
In base 8, what is 2052161 - 0?
2052161
In base 15, what is -a655e - -5b?
-a6503
In base 6, what is -13552503 - 215?
-13553122
In base 8, what is 15162 + 77633?
115015
In base 12, what is -19014a - -8?
-190142
In base 7, what is 61550351 + 15?
61550366
In base 15, what is -52db6e - 1e?
-52db8d
In base 3, what is -100212 + 1012001220?
1011201001
In base 5, what is 103 + -323101040?
-323100432
In base 11, what is -1044 + -1826?
-286a
In base 13, what is 9 + -38b3850?
-38b3844
In base 9, what is -3 + -8328445?
-8328448
In base 15, what is -4 - -2a5429?
2a5425
In base 5, what is -1421303102 + -144?
-1421303301
In base 10, what is 0 - -2195719?
2195719
In base 10, what is -3078 - 120251?
-123329
In base 3, what is 21211011121222010 - -12?
21211011121222022
In base 6, what is 5 - 433511043?
-433511034
In base 14, what is -173d + 17da?
9b
In base 12, what is 900 + -2a014?
-29314
In base 11, what is 11387 - 3a4?
10a93
In base 15, what is -8007 + -14b?
-8153
In base 4, what is -121 - -10131321?
10131200
In base 4, what is -102033 - 2213220?
-2321313
In base 12, what is -2a72a - -180?
-2a56a
In base 2, what is 1010111 - 1100011000000001010?
-1100010111110110011
In base 8, what is -256150 - -1020?
-255130
In base 10, what is 621397 - -12?
621409
In base 7, what is 3 - 20435013?
-20435010
In base 3, what is 201201 - -2100110212?
2101012120
In base 8, what is -2 - -2536222?
2536220
In base 13, what is 7b2cc9 + 11?
7b300a
In base 12, what is -b55 - 2b7954?
-2b88a9
In base 11, what is -15a1065 + 112?
-15a0a53
In base 11, what is 2a2910 + -280?
2a2640
In base 4, what is 11 - -13023103120?
13023103131
In base 8, what is 33107631 + 26?
33107657
In base 2, what is -101110110 - -10001110011011101?
10001101101100111
In base 12, what is 13 - 7b1141?
-7b112a
In base 11, what is 2008246 + 11?
2008257
In base 11, what is -108a742a - 36?
-108a7465
In base 13, what is -139a + -1496a?
-16037
In base 9, what is -23733 + 63?
-23660
In base 15, what is 2 + 15ad67?
15ad69
In base 9, what is -387627 + -18?
-387646
In base 11, what is 261660 + 13?
261673
In base 2, what is 11101 - 11110100011101011?
-11110100011001110
In base 5, what is -2141 + 1010111?
1002420
In base 2, what is 1001011011011001000111 + 1110?
1001011011011001010101
In base 4, what is 2 - 1123203102?
-1123203100
In base 3, what is 2022012 + 101021122?
110120211
In base 10, what is 17 - -606684?
606701
In base 2, what is -110000110 + 1